{"id":9,"date":"2023-12-12T20:04:19","date_gmt":"2023-12-12T20:04:19","guid":{"rendered":"https:\/\/www.lips-org.ch\/?page_id=9"},"modified":"2024-04-12T14:28:56","modified_gmt":"2024-04-12T14:28:56","slug":"ueber_lips","status":"publish","type":"page","link":"https:\/\/www.lips-org.ch\/","title":{"rendered":"LIPS"},"content":{"rendered":"\t\t<div data-elementor-type=\"wp-page\" data-elementor-id=\"9\" class=\"elementor elementor-9\" data-elementor-post-type=\"page\">\n\t\t\t\t<div class=\"elementor-element elementor-element-84180dc e-con-full e-flex e-con e-parent\" data-id=\"84180dc\" data-element_type=\"container\" data-e-type=\"container\">\n\t\t\t\t<div class=\"elementor-element elementor-element-f9d990e elementor-widget elementor-widget-text-editor\" data-id=\"f9d990e\" data-element_type=\"widget\" data-e-type=\"widget\" data-widget_type=\"text-editor.default\">\n\t\t\t\t<div class=\"elementor-widget-container\">\n\t\t\t\t\t\t\t\t\t<p>Weltweit gibt es eine grosse Anzahl von Konflikten. LIPS greift bestimmte Auseinandersetzungen auf, muss sich aufgrund seiner Ressourcen allerdings auf wenige Konflikte beschr\u00e4nken und sucht diese mithilfe von Exklusivinterviews nach M\u00f6glichkeit zu kontextualisieren.<\/p><p><b>Disclaimer: <\/b>Wir weisen darauf hin, dass die Inhalte der Interviews nicht zwingend die Meinung von LIPS darstellen. Wir verstehen uns als Plattform, um unterschiedliche Meinungen zu ver\u00f6ffentlichen. Wir wollen damit eine gewisse Resonanz ausl\u00f6sen. R\u00fcckmeldungen bzw. Reaktionen auf die Interviews sind erw\u00fcnscht.<\/p>\t\t\t\t\t\t\t\t<\/div>\n\t\t\t\t<\/div>\n\t\t\t\t<div class=\"elementor-element elementor-element-22676e0 elementor-grid-3 elementor-grid-tablet-2 elementor-grid-mobile-1 elementor-posts--thumbnail-top elementor-widget elementor-widget-posts\" data-id=\"22676e0\" data-element_type=\"widget\" data-e-type=\"widget\" data-settings=\"{&quot;classic_columns&quot;:&quot;3&quot;,&quot;classic_columns_tablet&quot;:&quot;2&quot;,&quot;classic_columns_mobile&quot;:&quot;1&quot;,&quot;classic_row_gap&quot;:{&quot;unit&quot;:&quot;px&quot;,&quot;size&quot;:35,&quot;sizes&quot;:[]},&quot;classic_row_gap_tablet&quot;:{&quot;unit&quot;:&quot;px&quot;,&quot;size&quot;:&quot;&quot;,&quot;sizes&quot;:[]},&quot;classic_row_gap_mobile&quot;:{&quot;unit&quot;:&quot;px&quot;,&quot;size&quot;:&quot;&quot;,&quot;sizes&quot;:[]}}\" data-widget_type=\"posts.classic\">\n\t\t\t\t<div class=\"elementor-widget-container\">\n\t\t\t\t\t\t\t<div class=\"elementor-posts-container elementor-posts elementor-posts--skin-classic elementor-grid\" role=\"list\">\n\t\t\t\t<article class=\"elementor-post elementor-grid-item post-1541 post type-post status-publish format-standard hentry category-aktuelles category-generalversammlung category-versammlungen\" role=\"listitem\">\n\t\t\t\t<div class=\"elementor-post__text\">\n\t\t\t\t<h3 class=\"elementor-post__title\">\n\t\t\t<a href=\"https:\/\/www.lips-org.ch\/?p=1541\" >\n\t\t\t\tGeneralversammlung 2026\t\t\t<\/a>\n\t\t<\/h3>\n\t\t\t\t<div class=\"elementor-post__meta-data\">\n\t\t\t\t\t<span class=\"elementor-post-date\">\n\t\t\t11. Januar 2026\t\t<\/span>\n\t\t\t\t<\/div>\n\t\t\t\t<div class=\"elementor-post__excerpt\">\n\t\t\t<p>Datum: Freitag, 16. Januar 2026,&nbsp;Zeit:&nbsp; 11:00 bis 12:00 Uhr,&nbsp;Ort: Hotel Waldst\u00e4tterhof, Raum 106 Einladung zum Lunch nach der GV, um 12:15 Uhr<\/p>\n\t\t<\/div>\n\t\t\n\t\t<a class=\"elementor-post__read-more\" href=\"https:\/\/www.lips-org.ch\/?p=1541\" aria-label=\"Mehr \u00fcber Generalversammlung 2026\" tabindex=\"-1\" >\n\t\t\tWeiterlesen \u00bb\t\t<\/a>\n\n\t\t\t\t<\/div>\n\t\t\t\t<\/article>\n\t\t\t\t<article class=\"elementor-post elementor-grid-item post-1392 post type-post status-publish format-standard hentry category-aktuelles category-generalversammlung category-versammlungen\" role=\"listitem\">\n\t\t\t\t<div class=\"elementor-post__text\">\n\t\t\t\t<h3 class=\"elementor-post__title\">\n\t\t\t<a href=\"https:\/\/www.lips-org.ch\/?p=1392\" >\n\t\t\t\tGeneralversammlung 2025\t\t\t<\/a>\n\t\t<\/h3>\n\t\t\t\t<div class=\"elementor-post__meta-data\">\n\t\t\t\t\t<span class=\"elementor-post-date\">\n\t\t\t15. Januar 2025\t\t<\/span>\n\t\t\t\t<\/div>\n\t\t\t\t<div class=\"elementor-post__excerpt\">\n\t\t\t<p>Datum: Freitag, 17. Januar 2025,\u00a0Zeit:\u00a0 11:00 bis 12:00 Uhr,\u00a0Ort: Luzerner Hotel Rebstock, Rotes S\u00e4li, 1. Stock Einladung zum Lunch nach der GV,<\/p>\n\t\t<\/div>\n\t\t\n\t\t<a class=\"elementor-post__read-more\" href=\"https:\/\/www.lips-org.ch\/?p=1392\" aria-label=\"Mehr \u00fcber Generalversammlung 2025\" tabindex=\"-1\" >\n\t\t\tWeiterlesen \u00bb\t\t<\/a>\n\n\t\t\t\t<\/div>\n\t\t\t\t<\/article>\n\t\t\t\t<article class=\"elementor-post elementor-grid-item post-1389 post type-post status-publish format-standard hentry category-aktuelles\" role=\"listitem\">\n\t\t\t\t<div class=\"elementor-post__text\">\n\t\t\t\t<h3 class=\"elementor-post__title\">\n\t\t\t<a href=\"https:\/\/www.lips-org.ch\/?p=1389\" >\n\t\t\t\tLIPS und &#8222;Die lange Tradition der Friedensstadt Luzern&#8220;\t\t\t<\/a>\n\t\t<\/h3>\n\t\t\t\t<div class=\"elementor-post__meta-data\">\n\t\t\t\t\t<span class=\"elementor-post-date\">\n\t\t\t15. Januar 2025\t\t<\/span>\n\t\t\t\t<\/div>\n\t\t\t\t<div class=\"elementor-post__excerpt\">\n\t\t\t<p>Luzern hat eine lange Tradition als Schauplatz internationaler Friedensbem\u00fchungen, von historischen Manifesten bis zu modernen Konferenzen wie der Diskussion \u00fcber den Ukraine-Konflikt<\/p>\n\t\t<\/div>\n\t\t\n\t\t<a class=\"elementor-post__read-more\" href=\"https:\/\/www.lips-org.ch\/?p=1389\" aria-label=\"Mehr \u00fcber LIPS und &#8222;Die lange Tradition der Friedensstadt Luzern&#8220;\" tabindex=\"-1\" >\n\t\t\tWeiterlesen \u00bb\t\t<\/a>\n\n\t\t\t\t<\/div>\n\t\t\t\t<\/article>\n\t\t\t\t<\/div>\n\t\t\n\t\t\t\t\t\t<\/div>\n\t\t\t\t<\/div>\n\t\t\t\t<div class=\"elementor-element elementor-element-d4e653c elementor-widget elementor-widget-text-editor\" data-id=\"d4e653c\" data-element_type=\"widget\" data-e-type=\"widget\" data-widget_type=\"text-editor.default\">\n\t\t\t\t<div class=\"elementor-widget-container\">\n\t\t\t\t\t\t\t\t\t<p>Wussten Sie, dass Luzern auch als Stadt des Friedens Tradition hat?\u2028<\/p><p>Genau diesen etwas in Vergessenheit geratenen Punkt hat der am 17. Oktober 2003 gegr\u00fcndete Verein LIPS \u2013 Lucerne Initiative for Peace and Security \u2013 auf seine Fahne gesetzt:\u2028\u2028Im Jahr 1902 feierte Luzern ein bedeutendes Ereignis, die Er\u00f6ffnung des weltweit ersten Friedensmuseums. Das internationale Renommee dieses auf Initiative des polnischen Friedensaktivisten und Industriellen Jan Bloch entstandenen Museums bewirkte, dass Luzern 1905 zum Austragungsort des 14. Internationalen Friedenskongresses avancierte.\u2028\u2028<\/p><p>Angesichts der anhaltenden, globalen Herausforderungen ist LIPS entschlossen, weitere gewichtige Friedenssteine zu behauen; die aussergew\u00f6hnliche Tradition der Stadt nahmen wir unter anderem zum Anlass einer Jubil\u00e4umsfeier im September 2005: 100 Jahre internationale Friedenskonferenz Luzern.\u2028\u2028<\/p><p>LIPS versteht sich als Arbeits- und Kommunikationsplattform, um nachhaltige Ans\u00e4tze zur L\u00f6sung aktueller und friedens- sowie sicherheitspolitischer Herausforderungen zu diskutieren, zu f\u00f6rdern, zu erarbeiten und weiterzuentwickeln.\u00a0<\/p><p>Auf der Basis eines breiten Verst\u00e4ndnisses von Sicherheits- und Friedenspolitik, das gesellschaftliche, politische, rechtliche, kulturelle, religi\u00f6se, wirtschaftliche, milit\u00e4rische und wissenschaftlich-technologische Aspekte umfasst, legt LIPS besonderen Wert auf die Zusammenarbeit zwischen den Vertreterinnen und Vertretern des politischen, des wirtschaftlichen und des zivilgesellschaftlichen Sektors aus unterschiedlichen Kulturkreisen.\u2028\u2028Zur Umsetzung ihrer Ziele arbeitet LIPS mit anderen Organisationen und Institutionen aus dem In- bzw. Ausland zusammen, organisiert Veranstaltungen (z.B. Kongresse, Workshops, Informationsveranstaltungen und Vortr\u00e4ge) und kommuniziert ihre Anliegen sowie die Ergebnisse ihrer Arbeit \u00f6ffentlichkeitswirksam.\u00a0<\/p><p>LIPS ist der politischen und religi\u00f6sen Neutralit\u00e4t verpflichtet.<\/p><p>\u00a0<\/p><p><b style=\"text-align: var(--text-align); color: var(--sydney-text-color);\">Konferenzen seit 2005 &#8211; \u00dcBERBLICK<br \/><\/b><a style=\"text-align: var(--text-align);\" href=\"https:\/\/www.lips-org.ch\/wp-content\/uploads\/2024\/01\/LIPS-Konferenzen-2005-2019.pdf\">LIPS-Konferenzen 2005-2019<\/a><b style=\"text-align: var(--text-align); color: var(--sydney-text-color);\"><br \/><\/b><\/p><p><b style=\"text-align: var(--text-align); color: var(--sydney-text-color);\"><br \/>Dialogabende<\/b><\/p><p><b>2007<\/b><\/p><p>Konflikte in der Gesellschaft &#8211; Herausforderung und Chance &#8230; (26.04.2007)<br \/>(Einladungsflyer wird hochgeladen)<\/p><p><b style=\"text-align: var(--text-align); color: var(--sydney-text-color);\">2006<\/b><\/p><p>Visuelle Kriegsverursacher? Die Rolle visueller Medien &#8230; (30.10.2006)<br \/>(Einladungsflyer wird hochgeladen)<\/p><p>Steuert die Welt auf den dritten Weltkrieg zu? (24.04.2006)<br \/>(Einladungsflyer wird hochgeladen)<\/p><p><b style=\"text-align: var(--text-align); color: var(--sydney-text-color);\">2005<\/b><\/p><p>Der Friedensbegriff im Judentum, Islam und Christentum (28.04.2005)<br \/><a href=\"https:\/\/www.lips-org.ch\/wp-content\/uploads\/2024\/01\/hochladen-Einladung-Dialogabend-LIPS-Logo-2005-04-28.pdf\">Einladungsflyer<\/a><\/p><p><b style=\"color: var(--sydney-text-color); text-align: var(--text-align);\">2004<\/b><\/p><p><span style=\"text-align: var(--text-align); color: var(--sydney-text-color);\">Frieden, Sicherheit und Bildung (23.09.2004)<br \/><\/span><a href=\"https:\/\/www.lips-org.ch\/wp-content\/uploads\/2024\/01\/Einladungsflyer-Dialogabend-2004-09-23.pdf\">Einladungsflyer <\/a><\/p><p>Frieden, Sicherheit, Dialog &#8211; drei kulturelle Missverst\u00e4ndnisse? (29.04.2004)<br \/>(Einladungsflyer wird hochgeladen)<\/p><p><span style=\"color: var(--sydney-text-color); text-align: var(--text-align);\"><br \/>In den Jahren 2004 bis 2008 gab ein <strong>Newsletter<\/strong>, &#8222;LIPS aktuell&#8220;, zusammenfassend Einblicke in unsere Aktivit\u00e4ten (nachzulesen unter dem Reiter &#8222;Dokumente&#8220;).<\/span><\/p>\t\t\t\t\t\t\t\t<\/div>\n\t\t\t\t<\/div>\n\t\t\t\t<\/div>\n\t\t<div class=\"elementor-element elementor-element-81803ca e-flex e-con-boxed e-con e-parent\" data-id=\"81803ca\" data-element_type=\"container\" data-e-type=\"container\">\n\t\t\t\t\t<div class=\"e-con-inner\">\n\t\t\t\t<div class=\"elementor-element elementor-element-66bd733 eael-contact-form-7-button-align-left eael-contact-form-7-button-custom elementor-widget elementor-widget-eael-contact-form-7\" data-id=\"66bd733\" data-element_type=\"widget\" data-e-type=\"widget\" data-widget_type=\"eael-contact-form-7.default\">\n\t\t\t\t<div class=\"elementor-widget-container\">\n\t\t\t\t\t<div class=\"eael-contact-form-7-wrapper\">\n                <div class=\"eael-contact-form eael-contact-form-7 eael-contact-form-66bd733 placeholder-show eael-contact-form-align-default\"><div class=\"eael-contact-form-7-heading\"><h3 class=\"eael-contact-form-title eael-contact-form-7-title\">\n                                    Nehmen Sie mit uns, dem LIPS-Vorstand, Kontakt auf!\n                                <\/h3><div class=\"eael-contact-form-description eael-contact-form-7-description\"> Wollen Sie dem Verein LIPS beitreten oder \u00fcber aktuelle Ereignisse informiert sein? Dann nehmen Sie bitte mit uns Kontakt auf.\n                        <\/div><\/div>\n<div class=\"wpcf7 no-js\" id=\"wpcf7-f262-o1\" lang=\"en-US\" dir=\"ltr\" data-wpcf7-id=\"262\">\n<div class=\"screen-reader-response\"><p role=\"status\" aria-live=\"polite\" aria-atomic=\"true\"><\/p> <ul><\/ul><\/div>\n<form action=\"\/index.php?rest_route=%2Fwp%2Fv2%2Fpages%2F9#wpcf7-f262-o1\" method=\"post\" class=\"wpcf7-form init\" aria-label=\"Contact form\" novalidate=\"novalidate\" data-status=\"init\">\n<fieldset class=\"hidden-fields-container\"><input type=\"hidden\" name=\"_wpcf7\" value=\"262\" \/><input type=\"hidden\" name=\"_wpcf7_version\" value=\"6.1.5\" \/><input type=\"hidden\" name=\"_wpcf7_locale\" value=\"en_US\" \/><input type=\"hidden\" name=\"_wpcf7_unit_tag\" value=\"wpcf7-f262-o1\" \/><input type=\"hidden\" name=\"_wpcf7_container_post\" value=\"0\" \/><input type=\"hidden\" name=\"_wpcf7_posted_data_hash\" value=\"\" \/>\n<\/fieldset>\n<label> Ihr Name\n    <span class=\"wpcf7-form-control-wrap\" data-name=\"your-name\"><input size=\"40\" maxlength=\"400\" class=\"wpcf7-form-control wpcf7-text wpcf7-validates-as-required\" autocomplete=\"name\" aria-required=\"true\" aria-invalid=\"false\" value=\"\" type=\"text\" name=\"your-name\" \/><\/span> <\/label>\n\n<label> Ihre E-Mailadresse\n    <span class=\"wpcf7-form-control-wrap\" data-name=\"your-email\"><input size=\"40\" maxlength=\"400\" class=\"wpcf7-form-control wpcf7-email wpcf7-validates-as-required wpcf7-text wpcf7-validates-as-email\" autocomplete=\"email\" aria-required=\"true\" aria-invalid=\"false\" value=\"\" type=\"email\" name=\"your-email\" \/><\/span> <\/label>\n\n<label> Betreff\n    <span class=\"wpcf7-form-control-wrap\" data-name=\"your-subject\"><input size=\"40\" maxlength=\"400\" class=\"wpcf7-form-control wpcf7-text wpcf7-validates-as-required\" aria-required=\"true\" aria-invalid=\"false\" value=\"\" type=\"text\" name=\"your-subject\" \/><\/span> <\/label>\n\n<label> Ihre Nachricht\n    <span class=\"wpcf7-form-control-wrap\" data-name=\"your-message\"><textarea cols=\"40\" rows=\"10\" maxlength=\"2000\" class=\"wpcf7-form-control wpcf7-textarea\" aria-invalid=\"false\" name=\"your-message\"><\/textarea><\/span> <\/label>\n\n<input class=\"wpcf7-form-control wpcf7-submit has-spinner\" type=\"submit\" value=\"\u00dcbermitteln\" \/><p style=\"display: none !important;\" class=\"akismet-fields-container\" data-prefix=\"_wpcf7_ak_\"><label>&#916;<textarea name=\"_wpcf7_ak_hp_textarea\" cols=\"45\" rows=\"8\" maxlength=\"100\"><\/textarea><\/label><input type=\"hidden\" id=\"ak_js_1\" name=\"_wpcf7_ak_js\" value=\"30\"\/><script type=\"text\/javascript\">\n\/* <![CDATA[ *\/\ndocument.getElementById( \"ak_js_1\" ).setAttribute( \"value\", ( new Date() ).getTime() );\n\/* ]]> *\/\n<\/script>\n<\/p><div class=\"wpcf7-response-output\" aria-hidden=\"true\"><\/div>\n<\/form>\n<\/div>\n<\/div>\n            <\/div>\t\t\t\t<\/div>\n\t\t\t\t<\/div>\n\t\t\t\t\t<\/div>\n\t\t\t\t<\/div>\n\t\t\t\t<\/div>\n\t\t","protected":false},"excerpt":{"rendered":"<p>Weltweit gibt es eine grosse Anzahl von Konflikten. LIPS greift bestimmte Auseinandersetzungen auf, muss sich aufgrund seiner Ressourcen allerdings auf wenige Konflikte [&hellip;]<\/p>\n","protected":false},"author":1,"featured_media":0,"parent":0,"menu_order":0,"comment_status":"closed","ping_status":"closed","template":"","meta":{"_eb_attr":"","footnotes":""},"class_list":["post-9","page","type-page","status-publish","hentry"],"_links":{"self":[{"href":"https:\/\/www.lips-org.ch\/index.php?rest_route=\/wp\/v2\/pages\/9","targetHints":{"allow":["GET"]}}],"collection":[{"href":"https:\/\/www.lips-org.ch\/index.php?rest_route=\/wp\/v2\/pages"}],"about":[{"href":"https:\/\/www.lips-org.ch\/index.php?rest_route=\/wp\/v2\/types\/page"}],"author":[{"embeddable":true,"href":"https:\/\/www.lips-org.ch\/index.php?rest_route=\/wp\/v2\/users\/1"}],"replies":[{"embeddable":true,"href":"https:\/\/www.lips-org.ch\/index.php?rest_route=%2Fwp%2Fv2%2Fcomments&post=9"}],"version-history":[{"count":153,"href":"https:\/\/www.lips-org.ch\/index.php?rest_route=\/wp\/v2\/pages\/9\/revisions"}],"predecessor-version":[{"id":1302,"href":"https:\/\/www.lips-org.ch\/index.php?rest_route=\/wp\/v2\/pages\/9\/revisions\/1302"}],"wp:attachment":[{"href":"https:\/\/www.lips-org.ch\/index.php?rest_route=%2Fwp%2Fv2%2Fmedia&parent=9"}],"curies":[{"name":"wp","href":"https:\/\/api.w.org\/{rel}","templated":true}]}}