{"id":90,"date":"2023-12-18T10:17:20","date_gmt":"2023-12-18T10:17:20","guid":{"rendered":"https:\/\/www.lips-org.ch\/?page_id=90"},"modified":"2024-01-21T14:22:35","modified_gmt":"2024-01-21T14:22:35","slug":"dokumente","status":"publish","type":"page","link":"https:\/\/www.lips-org.ch\/?page_id=90","title":{"rendered":"Dokumente"},"content":{"rendered":"\t\t<div data-elementor-type=\"wp-page\" data-elementor-id=\"90\" class=\"elementor elementor-90\" data-elementor-post-type=\"page\">\n\t\t\t\t<div class=\"elementor-element elementor-element-35b3a54 e-flex e-con-boxed e-con e-parent\" data-id=\"35b3a54\" data-element_type=\"container\" data-e-type=\"container\">\n\t\t\t\t\t<div class=\"e-con-inner\">\n\t\t\t\t<div class=\"elementor-element elementor-element-4a39031 elementor-widget elementor-widget-heading\" data-id=\"4a39031\" data-element_type=\"widget\" data-e-type=\"widget\" data-widget_type=\"heading.default\">\n\t\t\t\t<div class=\"elementor-widget-container\">\n\t\t\t\t\t<h4 class=\"elementor-heading-title elementor-size-default\">Publikationen<\/h4>\t\t\t\t<\/div>\n\t\t\t\t<\/div>\n\t\t\t\t<div class=\"elementor-element elementor-element-2051cb2 elementor-widget elementor-widget-heading\" data-id=\"2051cb2\" data-element_type=\"widget\" data-e-type=\"widget\" data-widget_type=\"heading.default\">\n\t\t\t\t<div class=\"elementor-widget-container\">\n\t\t\t\t\t<h5 class=\"elementor-heading-title elementor-size-default\">Resonanz in Grossbritannien und Japan<\/h5>\t\t\t\t<\/div>\n\t\t\t\t<\/div>\n\t\t\t\t<div class=\"elementor-element elementor-element-cb5182c elementor-widget elementor-widget-text-editor\" data-id=\"cb5182c\" data-element_type=\"widget\" data-e-type=\"widget\" data-widget_type=\"text-editor.default\">\n\t\t\t\t<div class=\"elementor-widget-container\">\n\t\t\t\t\t\t\t\t\t<p><span style=\"text-align: var(--text-align); color: var(--sydney-text-color); font-family: -apple-system, BlinkMacSystemFont, 'Segoe UI', Roboto, Oxygen-Sans, Ubuntu, Cantarell, 'Helvetica Neue', sans-serif;\">In einem Artikel, erschienen in der Festschrift f\u00fcr Professor Ikuro Anzai 2006 in Kyoto, beschreibt Dr. Peter van den Dungen, Dozent am Department of Peace Studies der Universit\u00e4t Bradford und Referent an der ersten LIPS-Konferenz 2005, die von Prof. Anzai massgeblich gef\u00f6rderte Entwicklung und Arbeit des International Network of Peace Museums. Einige Seiten widmet Dr. van den Dungen der Entstehung des weltweit ersten Kriegs- und Friedensmuseums in Luzern; in diesem Zusammenhang findet auch die Arbeit von LIPS Erw\u00e4hnung. Dr. van den Dungen gibt der Hoffnung weiter Kreise auf ein wiedererstandenes Kriegs- und Friedensmuseum in Luzern Ausdruck, welches nicht zuletzt die noch apokalyptischere, weltweite Gefahr von Atomkriegen thematisiert. \u2212 Wir danken Dr. van den Dungen sowie Prof. Anzai und dem Herausgeber der Festschrift, Prof. Hirofumi Ogi (Dean of the College of International Relations, Ritsumeikan University, Kyoto), herzlich f\u00fcr die Erlaubnis, den Aufsatz (in englischer Sprache) auf der LIPS-Homepage publizieren zu d\u00fcrfen:<\/span><span style=\"text-align: var(--text-align); color: var(--sydney-text-color); font-family: -apple-system, BlinkMacSystemFont, 'Segoe UI', Roboto, Oxygen-Sans, Ubuntu, Cantarell, 'Helvetica Neue', sans-serif;\">\u00a0\u00a0<\/span><a href=\"https:\/\/www.lips-org.ch\/wp-content\/uploads\/2024\/01\/van-den-Dungen-The-World-s-First-Peace-Museum.pdf\"><span style=\"text-align: var(--text-align);\"><span style=\"color: #d65050;\"><b>van den Dungen \u2013 The World\u2019s First Peace Museum<\/b><\/span><\/span><\/a><\/p>\t\t\t\t\t\t\t\t<\/div>\n\t\t\t\t<\/div>\n\t\t\t\t<div class=\"elementor-element elementor-element-12e5c22 elementor-widget elementor-widget-heading\" data-id=\"12e5c22\" data-element_type=\"widget\" data-e-type=\"widget\" data-widget_type=\"heading.default\">\n\t\t\t\t<div class=\"elementor-widget-container\">\n\t\t\t\t\t<h5 class=\"elementor-heading-title elementor-size-default\">Friedenskonferenz 2005<\/h5>\t\t\t\t<\/div>\n\t\t\t\t<\/div>\n\t\t\t\t<div class=\"elementor-element elementor-element-ed4cf70 elementor-widget elementor-widget-text-editor\" data-id=\"ed4cf70\" data-element_type=\"widget\" data-e-type=\"widget\" data-widget_type=\"text-editor.default\">\n\t\t\t\t<div class=\"elementor-widget-container\">\n\t\t\t\t\t\t\t\t\t<p><span style=\"text-align: var(--text-align); color: var(--sydney-text-color); font-family: -apple-system, BlinkMacSystemFont, 'Segoe UI', Roboto, Oxygen-Sans, Ubuntu, Cantarell, 'Helvetica Neue', sans-serif;\"><b>Programmheft 2005<br \/><\/b><\/span><span style=\"text-align: var(--text-align); color: var(--sydney-text-color); font-family: -apple-system, BlinkMacSystemFont, 'Segoe UI', Roboto, Oxygen-Sans, Ubuntu, Cantarell, 'Helvetica Neue', sans-serif;\">Das Programmheft zur Internationalen Friedenskonferenz &#8222;Visionen zu Frieden und Sicherheit. Luzern 1905-2005&#8220; vom 22.\/23. September 2005:\u00a0\u00a0<\/span><a style=\"text-align: var(--text-align); font-family: -apple-system, BlinkMacSystemFont, 'Segoe UI', Roboto, Oxygen-Sans, Ubuntu, Cantarell, 'Helvetica Neue', sans-serif;\" href=\"https:\/\/www.lips-org.ch\/wp-content\/uploads\/2024\/01\/Programmheft_LIPS-korrigiert-1.pdf\"><strong>Prog<\/strong><strong>rammheft<\/strong><\/a><\/p><p><strong>Schlussdokument<\/strong><br \/>Das Schlussdokument zur Internationalen Friedenskonferenz &#8222;Visionen zu Frieden und Sicherheit. Luzern 1905-2005&#8220; vom 22.\/23. September 2005:\u00a0\u00a0<strong><a href=\"https:\/\/www.lips-org.ch\/wp-content\/uploads\/2024\/01\/Dokumentation-LIPS-Friedenskonferenz-2005-1.pdf\">Schlussdokument<\/a><\/strong>\u00a0<\/p>\t\t\t\t\t\t\t\t<\/div>\n\t\t\t\t<\/div>\n\t\t\t\t<div class=\"elementor-element elementor-element-d629e99 elementor-widget elementor-widget-text-editor\" data-id=\"d629e99\" data-element_type=\"widget\" data-e-type=\"widget\" data-widget_type=\"text-editor.default\">\n\t\t\t\t<div class=\"elementor-widget-container\">\n\t\t\t\t\t\t\t\t\t<p><strong style=\"text-align: var(--text-align); color: var(--sydney-text-color); font-family: -apple-system, BlinkMacSystemFont, 'Segoe UI', Roboto, Oxygen-Sans, Ubuntu, Cantarell, 'Helvetica Neue', sans-serif;\">Weltfriedenskongress 1905<br \/><\/strong><strong style=\"text-align: var(--text-align); color: var(--sydney-text-color);\">Historische Brosch\u00fcre<\/strong><strong style=\"text-align: var(--text-align); color: var(--sydney-text-color); font-family: -apple-system, BlinkMacSystemFont, 'Segoe UI', Roboto, Oxygen-Sans, Ubuntu, Cantarell, 'Helvetica Neue', sans-serif;\"><br \/><\/strong><\/p><p><span style=\"text-align: var(--text-align); color: var(--sydney-text-color);\">Eine historische Brosch\u00fcre \u00fcber den Luzerner Weltfriedenskongress des Jahres 1905, im Juni 2005 publiziert, entstand im Hinblick auf die von der Luzerner Initiative f\u00fcr Frieden und Sicherheit (LIPS) geplante Internationale Friedenskonferenz &#8222;Visionen zu Frieden und Sicherheit. Luzern 1905-2005&#8220; vom 22.\/23. September 2005. Prof. Dr. Markus Furrer initiierte und leitete die Projektarbeit im Rahmen der Ausbildung von Sekundarlehrerinnen und -lehrern an der P\u00e4dagogischen Hochschule Zentralschweiz in Luzern. Die Studierenden arbeiteten sich in Spezialbereiche der Friedensbewegungen und -bem\u00fchungen ein und verfassten dazu kurze Artikel.\u00a0\u00a0<\/span><strong style=\"text-align: var(--text-align); color: var(--sydney-text-color);\"><a href=\"https:\/\/www.lips-org.ch\/wp-content\/uploads\/2024\/01\/Historische-Broschuere-Weltfriedenskongress-1905-Markus-Furrer.pdf\">Brosch\u00fcre<\/a><\/strong><\/p>\t\t\t\t\t\t\t\t<\/div>\n\t\t\t\t<\/div>\n\t\t\t\t<div class=\"elementor-element elementor-element-4c3a057 elementor-widget elementor-widget-heading\" data-id=\"4c3a057\" data-element_type=\"widget\" data-e-type=\"widget\" data-widget_type=\"heading.default\">\n\t\t\t\t<div class=\"elementor-widget-container\">\n\t\t\t\t\t<h5 class=\"elementor-heading-title elementor-size-default\">Entstehung der Luzerner Initiative f\u00fcr Frieden und Sicherheit<\/h5>\t\t\t\t<\/div>\n\t\t\t\t<\/div>\n\t\t\t\t<div class=\"elementor-element elementor-element-634e396 elementor-widget elementor-widget-text-editor\" data-id=\"634e396\" data-element_type=\"widget\" data-e-type=\"widget\" data-widget_type=\"text-editor.default\">\n\t\t\t\t<div class=\"elementor-widget-container\">\n\t\t\t\t\t\t\t\t\t<p><strong style=\"text-align: var(--text-align); color: var(--sydney-text-color); font-family: -apple-system, BlinkMacSystemFont, 'Segoe UI', Roboto, Oxygen-Sans, Ubuntu, Cantarell, 'Helvetica Neue', sans-serif;\">Internationales Kriegs- und Friedensmuseum Luzern<\/strong><\/p><p>Der 100. Jahrestag der Er\u00f6ffnung des Internationalen Kriegs- und Friedensmuseums im Jahr 2002 bot Gelegenheit, sich dieses weitgehend vergessenen Museums und seines Gr\u00fcnders Jan Bloch zu erinnern. Die Ausstellung und das kleine internationale Kolloquium liessen die Idee von Luzern als Friedensstadt wieder aufleben.<\/p><p><strong>Ausstellungskatalog<\/strong><br \/>Zur Ausstellung, entworfen von Patrick Deicher, Ueli Habegger, Walter Troxler und Marc Winterhalder, gibt es einen Katalog, der \u00fcber das Museum, seinen Gr\u00fcnder und das damalige Umfeld orientiert.\u00a0\u00a0<strong><a href=\"https:\/\/www.lips-org.ch\/wp-content\/uploads\/2024\/01\/Broschure_KriegFrieden-im-Museum.pdf\">Brosch\u00fcre<\/a><br \/><br \/><\/strong><strong style=\"text-align: var(--text-align); color: var(--sydney-text-color);\">Programmatik\u00a0LIPS<br \/><\/strong><span style=\"text-align: var(--text-align); color: var(--sydney-text-color);\">Im Anschluss an die Ausstellung und das Kolloquium von 2002 in Luzern traf sich auf Initiative von Carla Dahinden ein Kernteam, das die Gr\u00fcndung der &#8222;Lucerne Initiative for Peace and Security&#8220;, damals noch unter dem Namen &#8222;Internationale Luzerner Dialogtage f\u00fcr Sicherheit und Frieden&#8220;, vorbereitete. Die von Heiko Borchert redigierte Programmatik ist das Produkt eines Teamworks von Heiko Borchert, Carla Dahinden, Ahmed El Ashker und Walter Troxler.\u00a0<\/span><a style=\"text-align: var(--text-align);\" href=\"https:\/\/www.lips-org.ch\/wp-content\/uploads\/2024\/01\/Programmatik-LIPS.pdf\">\u00a0<strong>Brosch\u00fcre<\/strong><\/a><strong style=\"text-align: var(--text-align); color: var(--sydney-text-color);\"><br \/><\/strong><\/p>\t\t\t\t\t\t\t\t<\/div>\n\t\t\t\t<\/div>\n\t\t\t\t<div class=\"elementor-element elementor-element-46b4f61 elementor-widget elementor-widget-heading\" data-id=\"46b4f61\" data-element_type=\"widget\" data-e-type=\"widget\" data-widget_type=\"heading.default\">\n\t\t\t\t<div class=\"elementor-widget-container\">\n\t\t\t\t\t<h4 class=\"elementor-heading-title elementor-size-default\">Statuten von LIPS<\/h4>\t\t\t\t<\/div>\n\t\t\t\t<\/div>\n\t\t\t\t<div class=\"elementor-element elementor-element-e70d660 elementor-widget elementor-widget-text-editor\" data-id=\"e70d660\" data-element_type=\"widget\" data-e-type=\"widget\" data-widget_type=\"text-editor.default\">\n\t\t\t\t<div class=\"elementor-widget-container\">\n\t\t\t\t\t\t\t\t\t<p>Am 17. Oktober 2003 wurde der Verein Lucerne Initiative for Peace and Security, LIPS, von Dr. Heiko Borchert, Carla Dahinden-Schilter (Projektinitiantin), Dr. Ahmed M. El Ashker, Dr. Christian J\u00e4ggi, Dr. Uschi Nussbaumer-Benz, Peter W. Ottiger und Hans-J\u00f6rg H. W\u00fcthrich gegr\u00fcndet. Am Gr\u00fcndungstag erfolgte die Erstellung der LIPS-Statuten: <strong><a href=\"https:\/\/www.lips-org.ch\/wp-content\/uploads\/2024\/01\/Statuten-LIPS-2008-01-18-Seitenumbrueche-ja.pdf\">Statuten<\/a><\/strong><\/p>\t\t\t\t\t\t\t\t<\/div>\n\t\t\t\t<\/div>\n\t\t\t\t<div class=\"elementor-element elementor-element-067e0df elementor-widget elementor-widget-heading\" data-id=\"067e0df\" data-element_type=\"widget\" data-e-type=\"widget\" data-widget_type=\"heading.default\">\n\t\t\t\t<div class=\"elementor-widget-container\">\n\t\t\t\t\t<h4 class=\"elementor-heading-title elementor-size-default\">Newsletter LIPS Aktuell<\/h4>\t\t\t\t<\/div>\n\t\t\t\t<\/div>\n\t\t\t\t<div class=\"elementor-element elementor-element-59854e6 elementor-widget elementor-widget-text-editor\" data-id=\"59854e6\" data-element_type=\"widget\" data-e-type=\"widget\" data-widget_type=\"text-editor.default\">\n\t\t\t\t<div class=\"elementor-widget-container\">\n\t\t\t\t\t\t\t\t\t<div>Die Newsletter informieren unter anderem \u00fcber die Luzerner Dialogabende sowie die ersten LIPS-Konferenzen.<\/div>\n<ul>\n<li><a href=\"https:\/\/www.lips-org.ch\/wp-content\/uploads\/2024\/01\/LIPS_Newsletter_6.pdf\">LIPS Aktuell, Nr. 6, April 2008<\/a><\/li>\n<li><a href=\"https:\/\/www.lips-org.ch\/wp-content\/uploads\/2024\/01\/LIPS-aktuell-Nr-5-April-2007.pdf\">LIPS Aktuell, Nr. 5, April 2007<\/a><\/li>\n<li><a href=\"https:\/\/www.lips-org.ch\/wp-content\/uploads\/2024\/01\/LIPS-Aktuell-Nr-4-Oktober-2006.pdf\">LIPS Aktuell, Nr. 4, Oktober 2006<\/a><\/li>\n<li><a href=\"https:\/\/www.lips-org.ch\/wp-content\/uploads\/2024\/01\/LIPS-aktuell-Nr-3-April-2006.pdf\">LIPS Aktuell, Nr. 3, April 2006<\/a><\/li>\n<li><a href=\"https:\/\/www.lips-org.ch\/wp-content\/uploads\/2024\/01\/LIPS-aktuell-Nr2-April-2005.pdf\">LIPS Aktuell, Nr. 2, April 2005<\/a><\/li>\n<li><a href=\"https:\/\/www.lips-org.ch\/wp-content\/uploads\/2024\/01\/LIPS-aktuell-Nr-1-September-2004.pdf\">LIPS Aktuell, Nr. 1, September 2004<\/a><\/li>\n<\/ul>\t\t\t\t\t\t\t\t<\/div>\n\t\t\t\t<\/div>\n\t\t\t\t\t<\/div>\n\t\t\t\t<\/div>\n\t\t\t\t<\/div>\n\t\t","protected":false},"excerpt":{"rendered":"<p>Publikationen Resonanz in Grossbritannien und Japan In einem Artikel, erschienen in der Festschrift f\u00fcr Professor Ikuro Anzai 2006 in Kyoto, beschreibt Dr. [&hellip;]<\/p>\n","protected":false},"author":1,"featured_media":0,"parent":0,"menu_order":0,"comment_status":"closed","ping_status":"closed","template":"","meta":{"_eb_attr":"","footnotes":""},"class_list":["post-90","page","type-page","status-publish","hentry"],"_links":{"self":[{"href":"https:\/\/www.lips-org.ch\/index.php?rest_route=\/wp\/v2\/pages\/90","targetHints":{"allow":["GET"]}}],"collection":[{"href":"https:\/\/www.lips-org.ch\/index.php?rest_route=\/wp\/v2\/pages"}],"about":[{"href":"https:\/\/www.lips-org.ch\/index.php?rest_route=\/wp\/v2\/types\/page"}],"author":[{"embeddable":true,"href":"https:\/\/www.lips-org.ch\/index.php?rest_route=\/wp\/v2\/users\/1"}],"replies":[{"embeddable":true,"href":"https:\/\/www.lips-org.ch\/index.php?rest_route=%2Fwp%2Fv2%2Fcomments&post=90"}],"version-history":[{"count":61,"href":"https:\/\/www.lips-org.ch\/index.php?rest_route=\/wp\/v2\/pages\/90\/revisions"}],"predecessor-version":[{"id":1052,"href":"https:\/\/www.lips-org.ch\/index.php?rest_route=\/wp\/v2\/pages\/90\/revisions\/1052"}],"wp:attachment":[{"href":"https:\/\/www.lips-org.ch\/index.php?rest_route=%2Fwp%2Fv2%2Fmedia&parent=90"}],"curies":[{"name":"wp","href":"https:\/\/api.w.org\/{rel}","templated":true}]}}